{"id":2543,"date":"2024-07-07T12:09:42","date_gmt":"2024-07-07T12:09:42","guid":{"rendered":"https:\/\/techsup.pl\/?page_id=2543"},"modified":"2024-07-07T12:09:42","modified_gmt":"2024-07-07T12:09:42","slug":"linie-en","status":"publish","type":"page","link":"https:\/\/techsup.pl\/?page_id=2543&lang=en","title":{"rendered":"Linie en"},"content":{"rendered":"\t\t<div data-elementor-type=\"wp-page\" data-elementor-id=\"2543\" class=\"elementor elementor-2543\">\n\t\t\t\t<div class=\"elementor-element elementor-element-c7c6d89 e-flex e-con-boxed e-con e-parent\" data-id=\"c7c6d89\" data-element_type=\"container\">\n\t\t\t\t\t<div class=\"e-con-inner\">\n\t\t<div class=\"elementor-element elementor-element-bdc613a e-con-full e-flex e-con e-child\" data-id=\"bdc613a\" data-element_type=\"container\">\n\t\t\t\t<div class=\"elementor-element elementor-element-864e07c elementor-position-top elementor-widget elementor-widget-image-box\" data-id=\"864e07c\" data-element_type=\"widget\" data-widget_type=\"image-box.default\">\n\t\t\t\t<div class=\"elementor-widget-container\">\n\t\t\t<style>\/*! elementor - v3.22.0 - 26-06-2024 *\/\n.elementor-widget-image-box .elementor-image-box-content{width:100%}@media (min-width:768px){.elementor-widget-image-box.elementor-position-left .elementor-image-box-wrapper,.elementor-widget-image-box.elementor-position-right .elementor-image-box-wrapper{display:flex}.elementor-widget-image-box.elementor-position-right .elementor-image-box-wrapper{text-align:end;flex-direction:row-reverse}.elementor-widget-image-box.elementor-position-left .elementor-image-box-wrapper{text-align:start;flex-direction:row}.elementor-widget-image-box.elementor-position-top .elementor-image-box-img{margin:auto}.elementor-widget-image-box.elementor-vertical-align-top .elementor-image-box-wrapper{align-items:flex-start}.elementor-widget-image-box.elementor-vertical-align-middle .elementor-image-box-wrapper{align-items:center}.elementor-widget-image-box.elementor-vertical-align-bottom .elementor-image-box-wrapper{align-items:flex-end}}@media (max-width:767px){.elementor-widget-image-box .elementor-image-box-img{margin-left:auto!important;margin-right:auto!important;margin-bottom:15px}}.elementor-widget-image-box .elementor-image-box-img{display:inline-block}.elementor-widget-image-box .elementor-image-box-title a{color:inherit}.elementor-widget-image-box .elementor-image-box-wrapper{text-align:center}.elementor-widget-image-box .elementor-image-box-description{margin:0}<\/style><div class=\"elementor-image-box-wrapper\"><figure class=\"elementor-image-box-img\"><a href=\"http:\/\/techsup.pl\/wp-content\/uploads\/2024\/03\/linia-odpady.png\" target=\"_blank\" tabindex=\"-1\"><img fetchpriority=\"high\" decoding=\"async\" width=\"300\" height=\"202\" src=\"https:\/\/techsup.pl\/wp-content\/uploads\/2024\/03\/linia-odpady-300x202.png\" class=\"elementor-animation-grow attachment-medium size-medium wp-image-2330\" alt=\"\" srcset=\"https:\/\/techsup.pl\/wp-content\/uploads\/2024\/03\/linia-odpady-300x202.png 300w, https:\/\/techsup.pl\/wp-content\/uploads\/2024\/03\/linia-odpady-768x518.png 768w, https:\/\/techsup.pl\/wp-content\/uploads\/2024\/03\/linia-odpady.png 826w\" sizes=\"(max-width: 300px) 100vw, 300px\" \/><\/a><\/figure><div class=\"elementor-image-box-content\"><h3 class=\"elementor-image-box-title\"><a href=\"http:\/\/techsup.pl\/wp-content\/uploads\/2024\/03\/linia-odpady.png\" target=\"_blank\">Linia dozowania odpad\u00f3w z elektrofiltru<\/a><\/h3><\/div><\/div>\t\t<\/div>\n\t\t\t\t<\/div>\n\t\t\t\t<\/div>\n\t\t<div class=\"elementor-element elementor-element-19c5660 e-con-full e-flex e-con e-child\" data-id=\"19c5660\" data-element_type=\"container\">\n\t\t\t\t<div class=\"elementor-element elementor-element-e2ea591 elementor-position-top elementor-widget elementor-widget-image-box\" data-id=\"e2ea591\" data-element_type=\"widget\" data-widget_type=\"image-box.default\">\n\t\t\t\t<div class=\"elementor-widget-container\">\n\t\t\t<div class=\"elementor-image-box-wrapper\"><figure class=\"elementor-image-box-img\"><a href=\"http:\/\/techsup.pl\/wp-content\/uploads\/2024\/03\/linia-kruszenie.png\" target=\"_blank\" tabindex=\"-1\"><img decoding=\"async\" width=\"244\" height=\"300\" src=\"https:\/\/techsup.pl\/wp-content\/uploads\/2024\/03\/linia-kruszenie-244x300.png\" class=\"elementor-animation-grow attachment-medium size-medium wp-image-2329\" alt=\"\" srcset=\"https:\/\/techsup.pl\/wp-content\/uploads\/2024\/03\/linia-kruszenie-244x300.png 244w, https:\/\/techsup.pl\/wp-content\/uploads\/2024\/03\/linia-kruszenie.png 483w\" sizes=\"(max-width: 244px) 100vw, 244px\" \/><\/a><\/figure><div class=\"elementor-image-box-content\"><h3 class=\"elementor-image-box-title\"><a href=\"http:\/\/techsup.pl\/wp-content\/uploads\/2024\/03\/linia-kruszenie.png\" target=\"_blank\">Linia szybkiego wywracania wyrob\u00f3w gotowych, do kruszenia<\/a><\/h3><\/div><\/div>\t\t<\/div>\n\t\t\t\t<\/div>\n\t\t\t\t<\/div>\n\t\t<div class=\"elementor-element elementor-element-95a3807 e-con-full e-flex e-con e-child\" data-id=\"95a3807\" data-element_type=\"container\">\n\t\t\t\t<div class=\"elementor-element elementor-element-5a37a03 elementor-position-top elementor-widget elementor-widget-image-box\" data-id=\"5a37a03\" data-element_type=\"widget\" data-widget_type=\"image-box.default\">\n\t\t\t\t<div class=\"elementor-widget-container\">\n\t\t\t<div class=\"elementor-image-box-wrapper\"><figure class=\"elementor-image-box-img\"><a href=\"http:\/\/techsup.pl\/wp-content\/uploads\/2024\/03\/linia-dozowania.png\" target=\"_blank\" tabindex=\"-1\"><img decoding=\"async\" width=\"291\" height=\"300\" src=\"https:\/\/techsup.pl\/wp-content\/uploads\/2024\/03\/linia-dozowania-291x300.png\" class=\"elementor-animation-grow attachment-medium size-medium wp-image-2334\" alt=\"\" srcset=\"https:\/\/techsup.pl\/wp-content\/uploads\/2024\/03\/linia-dozowania-291x300.png 291w, https:\/\/techsup.pl\/wp-content\/uploads\/2024\/03\/linia-dozowania.png 533w\" sizes=\"(max-width: 291px) 100vw, 291px\" \/><\/a><\/figure><div class=\"elementor-image-box-content\"><h3 class=\"elementor-image-box-title\"><a href=\"http:\/\/techsup.pl\/wp-content\/uploads\/2024\/03\/linia-dozowania.png\" target=\"_blank\">Linia dozowania<\/a><\/h3><\/div><\/div>\t\t<\/div>\n\t\t\t\t<\/div>\n\t\t\t\t<\/div>\n\t\t\t\t\t<\/div>\n\t\t\t\t<\/div>\n\t\t<div class=\"elementor-element elementor-element-84e5901 e-flex e-con-boxed e-con e-parent\" data-id=\"84e5901\" data-element_type=\"container\">\n\t\t\t\t\t<div class=\"e-con-inner\">\n\t\t\t\t<div class=\"elementor-element elementor-element-8628b13 elementor-widget elementor-widget-heading\" data-id=\"8628b13\" data-element_type=\"widget\" data-widget_type=\"heading.default\">\n\t\t\t\t<div class=\"elementor-widget-container\">\n\t\t\t<style>\/*! elementor - v3.22.0 - 26-06-2024 *\/\n.elementor-heading-title{padding:0;margin:0;line-height:1}.elementor-widget-heading .elementor-heading-title[class*=elementor-size-]>a{color:inherit;font-size:inherit;line-height:inherit}.elementor-widget-heading .elementor-heading-title.elementor-size-small{font-size:15px}.elementor-widget-heading .elementor-heading-title.elementor-size-medium{font-size:19px}.elementor-widget-heading .elementor-heading-title.elementor-size-large{font-size:29px}.elementor-widget-heading .elementor-heading-title.elementor-size-xl{font-size:39px}.elementor-widget-heading .elementor-heading-title.elementor-size-xxl{font-size:59px}<\/style><h1 class=\"elementor-heading-title elementor-size-default\">Powr\u00f3t st\u0142uczki<\/h1>\t\t<\/div>\n\t\t\t\t<\/div>\n\t\t\t\t\t<\/div>\n\t\t\t\t<\/div>\n\t\t<div class=\"elementor-element elementor-element-c957987 e-flex e-con-boxed e-con e-parent\" data-id=\"c957987\" data-element_type=\"container\">\n\t\t\t\t\t<div class=\"e-con-inner\">\n\t\t<div class=\"elementor-element elementor-element-ad6049b e-con-full e-flex e-con e-child\" data-id=\"ad6049b\" data-element_type=\"container\">\n\t\t\t\t<div class=\"elementor-element elementor-element-91be82b elementor-position-top elementor-widget elementor-widget-image-box\" data-id=\"91be82b\" data-element_type=\"widget\" data-widget_type=\"image-box.default\">\n\t\t\t\t<div class=\"elementor-widget-container\">\n\t\t\t<div class=\"elementor-image-box-wrapper\"><figure class=\"elementor-image-box-img\"><a href=\"http:\/\/techsup.pl\/wp-content\/uploads\/2024\/03\/powrot-stluczki.png\" target=\"_blank\" tabindex=\"-1\"><img loading=\"lazy\" decoding=\"async\" width=\"300\" height=\"210\" src=\"https:\/\/techsup.pl\/wp-content\/uploads\/2024\/03\/powrot-stluczki-300x210.png\" class=\"elementor-animation-grow attachment-medium size-medium wp-image-2351\" alt=\"\" srcset=\"https:\/\/techsup.pl\/wp-content\/uploads\/2024\/03\/powrot-stluczki-300x210.png 300w, https:\/\/techsup.pl\/wp-content\/uploads\/2024\/03\/powrot-stluczki-1024x717.png 1024w, https:\/\/techsup.pl\/wp-content\/uploads\/2024\/03\/powrot-stluczki-768x538.png 768w, https:\/\/techsup.pl\/wp-content\/uploads\/2024\/03\/powrot-stluczki.png 1185w\" sizes=\"(max-width: 300px) 100vw, 300px\" \/><\/a><\/figure><\/div>\t\t<\/div>\n\t\t\t\t<\/div>\n\t\t\t\t<\/div>\n\t\t\t\t\t<\/div>\n\t\t\t\t<\/div>\n\t\t<div class=\"elementor-element elementor-element-3013a62 e-flex e-con-boxed e-con e-parent\" data-id=\"3013a62\" data-element_type=\"container\">\n\t\t\t\t\t<div class=\"e-con-inner\">\n\t\t\t\t<div class=\"elementor-element elementor-element-0c9f299 elementor-widget elementor-widget-heading\" data-id=\"0c9f299\" data-element_type=\"widget\" data-widget_type=\"heading.default\">\n\t\t\t\t<div class=\"elementor-widget-container\">\n\t\t\t<h1 class=\"elementor-heading-title elementor-size-default\">Podawanie pneumatyczne<\/h1>\t\t<\/div>\n\t\t\t\t<\/div>\n\t\t\t\t\t<\/div>\n\t\t\t\t<\/div>\n\t\t<div class=\"elementor-element elementor-element-3ed243d e-flex e-con-boxed e-con e-parent\" data-id=\"3ed243d\" data-element_type=\"container\">\n\t\t\t\t\t<div class=\"e-con-inner\">\n\t\t<div class=\"elementor-element elementor-element-98f483e e-con-full e-flex e-con e-child\" data-id=\"98f483e\" data-element_type=\"container\">\n\t\t\t\t<div class=\"elementor-element elementor-element-22f899d elementor-position-top elementor-widget elementor-widget-image-box\" data-id=\"22f899d\" data-element_type=\"widget\" data-widget_type=\"image-box.default\">\n\t\t\t\t<div class=\"elementor-widget-container\">\n\t\t\t<div class=\"elementor-image-box-wrapper\"><figure class=\"elementor-image-box-img\"><a href=\"http:\/\/techsup.pl\/wp-content\/uploads\/2024\/03\/podawanie-pneumatyczne.png\" target=\"_blank\" tabindex=\"-1\"><img loading=\"lazy\" decoding=\"async\" width=\"296\" height=\"300\" src=\"https:\/\/techsup.pl\/wp-content\/uploads\/2024\/03\/podawanie-pneumatyczne-296x300.png\" class=\"elementor-animation-grow attachment-medium size-medium wp-image-2361\" alt=\"\" srcset=\"https:\/\/techsup.pl\/wp-content\/uploads\/2024\/03\/podawanie-pneumatyczne-296x300.png 296w, https:\/\/techsup.pl\/wp-content\/uploads\/2024\/03\/podawanie-pneumatyczne.png 750w\" sizes=\"(max-width: 296px) 100vw, 296px\" \/><\/a><\/figure><\/div>\t\t<\/div>\n\t\t\t\t<\/div>\n\t\t\t\t<\/div>\n\t\t\t\t\t<\/div>\n\t\t\t\t<\/div>\n\t\t\t\t<\/div>\n\t\t","protected":false},"excerpt":{"rendered":"<p>Linia dozowania odpad\u00f3w z elektrofiltru Linia szybkiego wywracania wyrob\u00f3w gotowych, do kruszenia Linia dozowania Powr\u00f3t st\u0142uczki Podawanie pneumatyczne<\/p>\n","protected":false},"author":1,"featured_media":0,"parent":0,"menu_order":0,"comment_status":"closed","ping_status":"closed","template":"","meta":{"footnotes":""},"class_list":["post-2543","page","type-page","status-publish","hentry"],"blocksy_meta":{"styles_descriptor":{"styles":{"desktop":"","tablet":"","mobile":""},"google_fonts":[],"version":5}},"_links":{"self":[{"href":"https:\/\/techsup.pl\/index.php?rest_route=\/wp\/v2\/pages\/2543","targetHints":{"allow":["GET"]}}],"collection":[{"href":"https:\/\/techsup.pl\/index.php?rest_route=\/wp\/v2\/pages"}],"about":[{"href":"https:\/\/techsup.pl\/index.php?rest_route=\/wp\/v2\/types\/page"}],"author":[{"embeddable":true,"href":"https:\/\/techsup.pl\/index.php?rest_route=\/wp\/v2\/users\/1"}],"replies":[{"embeddable":true,"href":"https:\/\/techsup.pl\/index.php?rest_route=%2Fwp%2Fv2%2Fcomments&post=2543"}],"version-history":[{"count":1,"href":"https:\/\/techsup.pl\/index.php?rest_route=\/wp\/v2\/pages\/2543\/revisions"}],"predecessor-version":[{"id":2544,"href":"https:\/\/techsup.pl\/index.php?rest_route=\/wp\/v2\/pages\/2543\/revisions\/2544"}],"wp:attachment":[{"href":"https:\/\/techsup.pl\/index.php?rest_route=%2Fwp%2Fv2%2Fmedia&parent=2543"}],"curies":[{"name":"wp","href":"https:\/\/api.w.org\/{rel}","templated":true}]}}